 value of 3 + 2 + -6 + 7 - (-2 + 3)?
5
What is -15 + (59 - 23) + -34?
-13
What is 1081 + -1089 - (-16 + 1 + -2)?
9
Evaluate 35 + -21 + 19 + -18.
15
Evaluate 7 + -12 - -4 - (8 + 2 + -9).
-2
What is -9 + 7 - (5 + -17)?
10
Evaluate 16 + -37 + 4 + 36.
19
Calculate -6 + 2 + -3 - (334 + -306).
-35
(-11 - -19) + -32 + 2 - -5
-17
What is -113 + 101 - (0 - (-1 - 3))?
-16
Evaluate (-18 - (-17 + 20)) + 41.
20
What is the value of 14 - (4 - (13 - (-2 + (3 - -5))))?
17
Evaluate -1 - (-4 - -46 - 14 - 6).
-23
What is the value of (27 - (4 + -3)) + -11?
15
Evaluate 25 - (8 - (-15 + 4)).
6
-2 + (18 - (-4 + 14))
6
Evaluate (57 - 9) + -36 + 19.
31
-9 + 11 + 23 + -22
3
Calculate 2 - -17 - 15 - 0.
4
Evaluate -59 + 36 - -37 - 29.
-15
What is -11 + (5 - -1) + -8 + 8?
-5
-8 + 4 + 2 - (-2 + 0)
0
Evaluate -11 - 15 - (10 + -45).
9
What is the value of 15 + (0 - (15 - (-7 + 9)))?
2
What is the value of 13 + (-36 - -13) - -19?
9
Evaluate -35 + 28 + (-6 - 0).
-13
What is the value of (6 - (30 + -12)) + 4?
-8
What is the value of 3 + -18 + 5 + 4 + -8?
-14
What is 17 + (2 + 2 - (14 - 2))?
9
44 + -42 + (-3 - 1) - -12
10
What is the value of 8 - 5 - -14 - ((4 - 7) + -3)?
23
Evaluate (0 - -23) + (-54 - -41).
10
3 - 0 - (67 + -68)
4
What is the value of 3 - 3 - (10 - ((7 - 3) + 7))?
1
Evaluate 16 - (3 + -11 - (2 - 13)).
13
Calculate -4 + -5 + (0 - (-5 - 4) - 2).
-2
What is the value of 30 - (16 - -22 - 25)?
17
What is the value of -2 + 8 + -10 + (-8 - (-9 + -8))?
5
Calculate (14 - 21) + (1 - -3) + -11.
-14
Evaluate -12 - (-21 + 17 + (7 - 2)).
-13
What is the value of -84 + 81 + -1 + 16?
12
(17 - 34 - -33) + (5 - (5 - 5))
21
What is 1 + -6 + (12 - 8) + -4?
-5
-22 + (3 - -17) + (2 - 11)
-11
What is -2 - -2 - (-41 + 25)?
16
Evaluate 4 + 18 - (20 - (5 - -8) - -4).
11
What is 112 + -195 + 87 + -1 + -5?
-2
What is (8 - -8) + (15 + -12 - (-2 - -7))?
14
Evaluate 2 - (-17 - (-35 - -16)).
0
Calculate (14 - 33 - -38) + -23.
-4
What is 41 + -36 + 4 + (0 - -2)?
11
Calculate 21 + -1 + -13 + 7 + 2.
16
What is the value of -62 + 53 - (-1 + -2)?
-6
Evaluate -3393 - -3405 - (-1 - (1 - 5)).
9
What is the value of -4 - 13 - -14 - (-2 + -5 + 0)?
4
Calculate -65 + 64 - (-1 - -1) - 3.
-4
What is (-13 + -4 - ((-26 - -6) + 12)) + 0?
-9
145 - 152 - (1 - 3)
-5
Evaluate 3 - (-3 - -23) - (-5 - 5).
-7
Evaluate -8 - ((-2 - 14) + 12) - (-1 + -6).
3
-8 - (-28 + 15) - (6 - 1)
0
What is 9 + -33 - (53 + -44)?
-33
(21 - -8) + -2 + -39
-12
(-1 - (-6 + 14 - 6)) + (7 - 6)
-2
Calculate 353 - 337 - (-1 - -17).
0
Calculate 1 + 12 + -11 + 11 + -5.
8
Calculate (333 - 325) + -1 + -10.
-3
(-2 - 1) + 7 + (-13 - -6)
-3
What is (15 - 26) + 19 + -1 + -8 - 8?
-9
What is the value of 14 + (5 - (4 - (-15 - 2)))?
-2
What is 36 + -42 - (0 + -8 - 1)?
3
What is -21 - ((-8 + 10 - 6) + 8 + -11)?
-14
What is the value of -22 + 1 - (-10 + 26 + -9 - -2)?
-30
Calculate 0 + 0 + -7 - (108 + -117).
2
What is (442 - 470 - (13 + 0)) + 6?
-35
What is -2 + 9 - (6 - (7 + -20))?
-12
What is the value of 4 - ((0 - (-1 + -2)) + 2)?
-1
(10 - (-37 + 24)) + -11
12
Evaluate 12 + (-9 - (9 + -20)).
14
4 - (8 + (26 - 16))
-14
What is (-39 + -1 - -8) + -3 + 12 - 0?
-23
What is the value of -12 + -7 + 18 + 6 + -1?
4
Calculate -3 + 3 - (-4 - (5 - 0)).
9
1 + (-11 - 2) - -11
-1
What is (2 - (-13 - -3)) + (-1 - 6)?
5
Calculate -8 - 2 - -6 - (12 - -3).
-19
Evaluate -13 + 45 + 31 - 30.
33
What is -13 + (-13 - -34 - 11) + -23?
-26
Evaluate 1 + 13 + 10 + -29.
-5
21 - (0 + 27 + -21 + (-2 - -2))
15
Evaluate (5 - 2) + -7 + -1 + 7 - 1.
1
2 + (-11 - 4 - -26)
13
What is the value of -9 - (-9 - (4 + -3 + -9))?
-8
What is the value of (-2 - 1) + -16 + (12 + 3 - 8)?
-12
What is -2 + -26 + 33 + 1?
6
What is the value of -22 - (-19 + (-16 - -30))?
-17
Calculate (4 - -10) + 6 + (-9 - 1).
10
Calculate (15 + -9 - -10 - 13) + 2.
5
What is the value of -4 - (6 + -2 + 0 + 4)?
-12
What is 26 - ((6 - 12) + 1 + (2 - -11))?
18
Evaluate (21 - 59) + -13 - -24.
-27
What is -21 + 8 + (-5 - -10)?
-8
What is 263 + -269 + (6 - 1)?
-1
Evaluate 8 + 2 - (-28 + 20) - 9.
9
What is the value of -13 + 34 + -38 + -3 + 1 + 7?
-12
What is the value of -1 + (2 - (10 + -1 + -6))?
-2
What is (-1 - 6) + (18 - 26) + 13?
-2
Calculate 17 - (-18 - -15 - -6).
14
Calculate (2 - 12) + -2 + 15.
3
What is (19 - 10 - 20) + 9 - (28 + -2)?
-28
What is -1 + (-5 - -18) + -4 + -17?
-9
-21 + (2 - -23 - -4)
8
Calculate -55 + (-36 - -16 - -48).
-27
What is the value of 1 - (-1 + (-15 - 17)) - 8?
26
What is (-1 - (-1 + 4 + 8)) + -13?
-25
What is the value of 9 + 3 + -22 + 28?
18
What is -8 - (-13 + 2 - (-24 + 14))?
-7
(-5 - 1) + 85 + -72
7
(0 - -5 - 13) + 19 - (-1 - 7)
19
What is the value of -12 + -4 + 9 + -1 + 13?
5
Calculate (-12 - (-24 + 1)) + -3 + 0.
8
Evaluate 10 + 1 + -14 + 127 + -115 + 12.
21
-8 + 7 + (0 - 0) + 8 + -9
-2
What is the value of 14 - (0 - (-3 + 3) - (1 + -1))?
14
25 - 6 - 13 - 13
-7
What is the value of 10 + -4 + (-5 - -9) + 3 + -2?
11
Evaluate (-14 - -3) + 7 + 2 + 2.
0
What is (-3 - -7) + (14 - 14)?
4
What is the value of 0 - 5 - (368 - 379)?
6
What is (1 + 12 + -3 - 8) + 0 + -3?
-1
Evaluate -5 - (2 + 2) - (8 + -14).
-3
What is the value of -9 - 0 - (-3 - (-5 + 2))?
-9
(-5 - (14 + -24)) + -17 + -9
-21
Evaluate -2 + -6 + (19 - 9) + 5 + -12.
-5
What is (24 - 4) + -5 - (-2 - -6 - -1)?
10
-7 - 4 - -10 - 9 - -1
-9
Evaluate -13 - (5 - (44 - 23)).
3
Calculate 1 + (-8 - (-11 + 8)) + 10.
6
Evaluate -9 + 21 + 1 + -32 + 1.
-18
What is the value of 0 + (-1 - (6 + 3 + -9)) + 3?
2
Evaluate -22 + 25 + -47 - -67.
23
0 + 16 + -170 + 167
13
What is the value of -9 + (-9 - ((5 - 17) + 4))?
-10
What is 0 + (6 - 4 - 4) - -13?
11
Evaluate 2 + -13 - (7 + (-50 - 8) + 11).
29
Calculate (-24 - (19 + -37)) + (19 - 1).
12
What is 1 + -7 + 2 + (13 - 5)?
4
What is 5 + (-2 - 0 - (16 + -24))?
11
What is the value of (-3 - -3) + -5 - (-7 - (-1 - 3))?
-2
-14 + 8 + 5 - 10
-11
Calculate -27 - (-26 + -44 + 17).
26
3 + -10 + (-36 + 37 - (0 + 0))
-6
What is the value of 1 + -1 + (29 - -9 - 28)?
10
What is the value of 3 + (13 - (21 + (4 - 12)))?
3
Calculate 44 - (-28 + 5 + 25 + 1 + 5).
36
-109 + 127 + -41 + 0
-23
What is the value of 27 + (2 - (3 + -2) - (349 - 343))?
22
Evaluate 38 - -3 - (32 - 22).
31
Calculate (2 - 1) + 111 + -140.
-28
-71 + 4 + 52 - (1 - 4)
-12
2 + -3 + -1 - ((-6 - -3) + -16)
17
What is (-9 - (0 + 5)) + (2 - -5) - 9?
-16
Evaluate -9 + 9 - (9 - -4).
-13
Calculate (-15 - -3) + (-7 - -13).
-6
Evaluate (-37 - -3) + -2 + (-188 - -199).
-25
What is the value of -39 - (51 - 103) - (2 + 42)?
-31
-3 - 3 - -5 - 5
-6
What is 31 + -9 + -49 - -23?
-4
Calculate -14 + -2 + (4 - -7).
-5
Evaluate 61 - 76 - (-2 + 2 + 1).
-16
What is 23 + (-39 - (8 + -14))?
-10
Evaluate -52 - (31 + (6 - 62)).
-27
Calculate 21 + -33 - (-3 + -14) - -3.
8
What is the value of (-1 - 3 - (10 + -4)) + -1?
-11
0 + 3 - (-19 + 10) - (-94 + 98)
8
What is 2 - (1 + -2) - (-16 + 13) - 8?
-2
-13 + (-18 - -8 - -10) + 1 + 7
-5
Evaluate -16 + 60 - 25 - 11.
8
Calculate (17 - 6 - 27) + -12 + 5.
-23
What is -30 - (-59 + 32 - 8)?
5
2 + -3 + 8 - (1 - 1)
7
Evaluate -19 + 24 + -24 + 7.
-12
What is (13 - (4 - 7 - -7)) + 11?
20
Calculate (1 - (-2 + 6)) + (-16 - 10) - 6.
-35
What is -28 + 51 + -31 + -2 + 2?
-8
Evaluate -4 + -1 - (24 + -11 - 24).
6
Evaluate 122 - 136 - (11 + -12 - (9 + -1)).
-5
Evaluate 2 + (-9 - (-3 - -3)) - -6.
-1
Evaluate (2 - 16 - -12) + 14.
12
-1 + 1 + (-2 - 2 - (-93 + 99))
-10
Calculate 1 + -12 - (65 + -44 + -41).
9
What is (5 - -3 - 5) + 8 - (-2 + 4)?
9
What is the value of (2 - 8 - -7) + (38 - (-2 - -12))?
29
What is (-3 - (3 + -1)) + 5?
0
Calculate 12 - ((8 - -2) + -9 + 5).
6
What is the value of -20 - (6 + -12 + 7 - 4)?
-17
What is the value of -3 + 32 - 61 - 2?
-34
What is 8 + 0 - (37 + 0 + -2)?
-27
What is the value of (-269 - -240 - (-4 + -1)) + 11?
-13
6 + ((5 - (26 - -3)) + -2 - -5)
-15
-1 + 8 - (9 + 12 + -1)
-13
What is the value of (25 + -20 - ((3 - 0) + 3)) + 5?
4
What is 25 - (38 + -14 + -19)?
20
What is 42 + -10 + -18 + -8?
6
Evaluate 1 + 18 - (-11 + 42 + -2).
-10
Evaluate -29 + 7 + 28 - (-1 - (0 - -1)).
8
What is the value of (19 - (-9 + 16 + 22)) + 38?
28
What is the value of -304 + 304 + (-1 + -9 - 1)?
-11
Evaluate -14 - -6 - 6 - (-40 - -40).
-14
Calculate -4 + -14 - (-16 - (-17 + 2)).
-17
(2 - (2 - 4)) + -12 + (20 - 19)
-7
Calculate 41 + 18 +